at is -14967 (base 15) in base 12?
-32407
Convert 7541 (base 9) to base 13.
26a7
Convert -7c63b (base 14) to base 12.
-127479
-94530 (base 12) to base 4
-233123310
What is -10010111010101001011011 (base 2) in base 16?
-4baa5b
3123331344 (base 5) to base 6
350320411
-b249db (base 15) to base 16
-813e5a
776004 (base 9) to base 4
1301030200
515171 (base 8) to base 11
107207
Convert 276892 (base 10) to base 9.
461737
Convert -2030010330 (base 4) to base 15.
-b5006
Convert 12618854 (base 9) to base 6.
341100551
What is 55342613 (base 7) in base 10?
4766975
111102021 (base 4) to base 13
308ac
What is 11332212 (base 4) in base 14?
8cd0
Convert 1221511 (base 7) to base 3.
21221220021
1198d9a (base 14) to base 16
80bfec
-5035112 (base 8) to base 15
-1b2bb2
154552 (base 7) to base 11
20987
-1010001010011100 (base 2) to base 9
-63083
Convert -3bcc6 (base 13) to base 10.
-112040
What is 234054 (base 8) in base 10?
79916
What is -5a7b5c (base 13) in base 9?
-4051112
Convert 13011554 (base 6) to base 11.
268860
281333 (base 13) to base 6
32512232
335505 (base 10) to base 7
2565102
6ab743 (base 12) to base 4
12210001203
-165245 (base 7) to base 6
-413015
Convert 24ad9c (base 16) to base 2.
1001001010110110011100
What is 2234601 (base 7) in base 12?
114906
Convert -383315 (base 10) to base 15.
-78895
What is -24206260 (base 7) in base 3?
-11001102001001
Convert -110100212231 (base 4) to base 13.
-113c453
Convert -133601 (base 10) to base 4.
-200213201
-20022013123 (base 4) to base 2
-1000001010000111011011
289876 (base 12) to base 13
1aa894
477cb (base 14) to base 8
524527
Convert 24318 (base 10) to base 8.
57376
Convert 659594 (base 10) to base 11.
410621
What is -2236544 (base 7) in base 16?
-43fb2
-3303201444 (base 5) to base 16
-6c1a50
-1145210 (base 8) to base 9
-527640
Convert -63b3aa (base 14) to base 15.
-469694
What is -1a26a80 (base 11) in base 10?
-3420637
What is 10560512 (base 7) in base 13?
263a05
-12830846 (base 9) to base 16
-60b838
What is 7ed03b (base 16) in base 8?
37550073
-33013143 (base 8) to base 2
-11011000001011001100011
What is -3234e (base 15) in base 9?
-262552
What is -2264552 (base 7) in base 6?
-10035152
What is 2843855 (base 11) in base 12?
17809a3
Convert -991287 (base 13) to base 6.
-205104500
What is 2402665 (base 7) in base 10?
303553
11011111101000000001100 (base 2) to base 10
7327756
Convert -505541553 (base 6) to base 13.
-1a49c54
-1121321303 (base 4) to base 2
-1011001111001110011
Convert -100211321331 (base 4) to base 5.
-2103141230
Convert 11000100101101101000 (base 2) to base 14.
16d8c8
25b3a (base 15) to base 4
131131033
-841956 (base 10) to base 2
-11001101100011100100
Convert 6a526 (base 14) to base 13.
90b33
42615331 (base 7) to base 16
3775a5
What is 10320142140 (base 5) in base 11?
62a138a
Convert -33220121 (base 4) to base 15.
-13e85
Convert -1000011010101111111011 (base 2) to base 15.
-2d8c95
What is -6ffece (base 16) in base 8?
-33777316
11031212112 (base 4) to base 9
2512336
6221654 (base 7) to base 11
4697a0
Convert 12025 (base 12) to base 13.
b042
Convert -112223210 (base 4) to base 7.
-534563
What is -a97250 (base 14) in base 13?
-1261417
-3642206 (base 7) to base 10
-464183
Convert 1994167 (base 10) to base 7.
22643620
What is -446740 (base 12) in base 4?
-10022002200
Convert -4444244 (base 5) to base 2.
-10011000011111010
What is -424211214 (base 5) in base 8?
-6644625
Convert 171a85 (base 12) to base 15.
7ca88
Convert -252a0 (base 12) to base 6.
-1025520
-40a69 (base 13) to base 9
-186132
Convert -96288 (base 11) to base 2.
-100010001100111101
Convert -1520240 (base 7) to base 6.
-4232312
What is 1b439 (base 13) in base 4?
31003030
What is -1822d7 (base 15) in base 5?
-244444102
What is -2121774 (base 8) in base 7?
-4545633
10122100021 (base 3) to base 11
49955
What is 1843a02 (base 12) in base 6?
300330402
Convert -40600427 (base 8) to base 9.
-17135068
4bc8b (base 14) to base 10
186323
104a487 (base 12) to base 9
5724364
What is 12672 (base 16) in base 10?
75378
Convert -499099 (base 11) to base 7.
-6461360
-11302103320 (base 4) to base 9
-2761574
-3232302303 (base 5) to base 16
-698771
-231311455 (base 6) to base 5
-2043130330
-360ae8 (base 16) to base 15
-49e60b
What is 1011010000101001011011 (base 2) in base 7?
34042514
What is -21010212112120 (base 3) in base 13?
-a2bc3a
Convert -141205545 (base 6) to base 12.
-b608b5
Convert 214004520 (base 6) to base 13.
a3cb0c
Convert -776163 (base 14) to base 4.
-33130313323
What is 4504 (base 13) in base 4?
2112211
286601 (base 13) to base 11
613281
What is -80287 (base 11) in base 5?
-12224330
Convert -35052134 (base 9) to base 16.
-1040467
Convert 1042103014 (base 5) to base 4.
20301213200
-f3f8 (base 16) to base 2
-1111001111111000
Convert 2ede09 (base 15) to base 8.
10532346
Convert 20100021121020 (base 3) to base 4.
30313011012
10010011001101011100 (base 2) to base 3
1010122010022
Convert 2101234142 (base 5) to base 9.
8115472
What is -3850001 (base 10) in base 12?
-1358015
100000020112112 (base 3) to base 9
10006475
What is 10011111001001011000 (base 2) in base 6?
21545520
-1717128 (base 9) to base 2
-11101001100010001011
Convert -91352 (base 10) to base 7.
-530222
376731 (base 11) to base 14
11692b
Convert -10000012020220 (base 3) to base 2.
-110000110001011001010
What is 210011002100 (base 3) in base 4?
1211221002
126331223 (base 7) to base 5
4043111423
Convert -662c6e (base 15) to base 16.
-4a4db2
What is 37207 (base 13) in base 7?
601435
-1000000101101011111100010 (base 2) to base 11
-9636a73
Convert -a5c48c (base 16) to base 4.
-221130102030
-43bc6 (base 14) to base 7
-1252536
What is 4b50a99 (base 12) in base 11?
838a204
Convert 102089 (base 10) to base 8.
307311
What is 14125045 (base 6) in base 5?
110244122
13202232102 (base 4) to base 8
7425622
-2262c (base 16) to base 3
-21011012110
Convert -1273126 (base 8) to base 12.
-1531b2
Convert 860cca (base 14) to base 12.
1628942
What is 200557 (base 9) in base 2?
11100111100011011
-317655 (base 8) to base 4
-121332231
What is -74085 (base 15) in base 14?
-9817a
Convert 120230330032 (base 4) to base 10.
6475534
Convert -6e75ca (base 16) to base 3.
-111121210012100
-1b49b9 (base 16) to base 15
-254d30
Convert -1436446 (base 7) to base 16.
-2f740
Convert 149416 (base 10) to base 16.
247a8
Convert 1000110000110010100110010 (base 2) to base 15.
192eb0b
Convert 1909646 (base 10) to base 5.
442102041
Convert 3589b4 (base 15) to base 5.
1123413234
204343324 (base 6) to base 5
1403401030
-322030323 (base 4) to base 12
-b5b63
4443122 (base 6) to base 10
223610
Convert -2b79e0 (base 15) to base 5.
-1014221420
2020200213 (base 4) to base 5
120343033
2434266 (base 7) to base 5
34424442
Convert 23100 (base 14) to base 15.
1a3e0
Convert 6541115 (base 7) to base 12.
326b15
Convert -334674 (base 10) to base 13.
-b9442
What is -96185 (base 11) in base 10?
-139969
-251878a (base 12) to base 8
-33523532
Convert -1310031 (base 5) to base 4.
-12100221
Convert 4819049 (base 10) to base 3.
100001211111022
What is 3204352 (base 6) in base 7?
1221224
c08b (base 13) to base 8
63557
Convert -1134436 (base 10) to base 11.
-705356
Convert -8e680 (base 15) to base 11.
-28a983
Convert -a5ac80 (base 15) to base 14.
-1092d93
What is -14543265 (base 7) in base 8?
-5230630
What is -4152365 (base 8) in base 14?
-20a005
What is 78425 (base 9) in base 10?
52106
Convert -2203232 (base 12) to base 16.
-62cd86
What is 1015453 (base 12) in base 15?
3e8969
-2211241 (base 11) to base 14
-73076b
14635466 (base 10) to base 14
1d2d8a6
-67e591 (base 15) to base 8
-22725640
-1335356 (base 10) to base 12
-544938
1056010 (base 13) to base 11
28a3727
Convert -271eb (base 15) to base 11.
-86179
What is 2b2db2 (base 16) in base 13?
78100a
8306560 (base 9) to base 13
bc2ca1
3811a84 (base 13) to base 15
18053a2
812130 (base 10) to base 8
3062142
Convert 4aaa4 (base 14) to base 7.
1362064
Convert 203211100 (base 4) to base 13.
51451
What is -10232013102 (base 4) in base 15?
-1969c3
-24402113 (base 5) to base 12
-b1ba5
-2075563 (base 10) to base 8
-7725653
What is -2102201002202 (base 3) in base 16?
-13bc08
Convert 63162550 (base 7) to base 11.
3008878
Convert 1315b9 (base 12) to base 7.
2444241
Convert 111011120012 (base 3) to base 14.
6a669
Convert 